{"id":5,"date":"2017-01-20T03:10:17","date_gmt":"2017-01-20T02:10:17","guid":{"rendered":"http:\/\/dine.withemes.com\/?page_id=5"},"modified":"2022-02-22T09:10:53","modified_gmt":"2022-02-22T08:10:53","slug":"about","status":"publish","type":"page","link":"http:\/\/barfly-leipzig.de\/index.php\/about\/","title":{"rendered":"About"},"content":{"rendered":"<div class=\"wpb-content-wrapper\"><p>[vc_row content_placement=&#8221;middle&#8221; css=&#8221;.vc_custom_1488256727853{padding-top: 80px !important;padding-bottom: 80px !important;}&#8221;][vc_column width=&#8221;1\/2&#8243; offset=&#8221;vc_col-md-3&#8243;][vc_column_text]<\/p>\n<h2 style=\"text-align: center;\">Location<\/h2>\n<p style=\"text-align: center;\">Die Leipziger S\u00fcdvorstadt ist ein sehr beliebtes Wohnviertel, denn hier wird die Nacht nicht selten zum Tag. Verschiedenste Restaurants, Kneipen und Bars laden zum Verweilen und Ausklingen des Alltags ein. Diese befinden sich gr\u00f6\u00dftenteils auf der Karl-Liebknecht-Stra\u00dfe, die von den Leipzigern liebevoll als \u201eKarli\u201c bezeichnet wird und das s\u00fcdliche Stadtviertel durchzieht. Nicht nur Studenten, sondern auch immer mehr Familien, f\u00fchlen sich von den renovierten, gr\u00fcnderzeitlichen Altbau-H\u00e4usern der S\u00fcdvorstadt angezogen. Zusammenfassend kann die S\u00fcdvorstadt als stadtnahes Szeneviertel bezeichnet werden.<\/p>\n<p>[\/vc_column_text][\/vc_column][vc_column width=&#8221;1\/2&#8243; offset=&#8221;vc_col-md-3&#8243;]<div class=\"dine-element wpb_content_element dine-element-diamond \" id=\"diamond-1\">\n<div class=\"dine-diamond dine-animation-element animation-left\" data-delay=\"200\">\n    \n    <div class=\"diamond-bg\"><\/div>\n    \n    <div class=\"diamond-content\">\n    \n        <p>Barfly was first<\/p>\n<p>opened in<\/p>\n<p>2009<\/p>\n    \n    <\/div><!-- .diamond-content -->\n    \n<\/div><\/div>[\/vc_column][vc_column offset=&#8221;vc_col-md-6&#8243;]<div class=\"dine-element wpb_content_element dine-element-dine_gallery \" id=\"dine_gallery-1\">\n<div class=\"dine-gallery gallery-grid column-2 gallery-square dine-lightbox-gallery\">\n    \n    \n    <figure class=\"dine-gallery-item\">\n        \n        <div class=\"dine-gallery-item-inner\">\n    \n            \n            <a href=\"http:\/\/barfly-leipzig.de\/wp-content\/uploads\/2016\/09\/slider-pics_5.jpg\" class=\"lightbox-link\"><img width=\"1920\" height=\"1275\" src=\"http:\/\/barfly-leipzig.de\/wp-content\/uploads\/2016\/09\/slider-pics_5.jpg\" class=\"attachment-full size-full\" alt=\"\" decoding=\"async\" loading=\"lazy\" srcset=\"http:\/\/barfly-leipzig.de\/wp-content\/uploads\/2016\/09\/slider-pics_5.jpg 1920w, http:\/\/barfly-leipzig.de\/wp-content\/uploads\/2016\/09\/slider-pics_5-300x199.jpg 300w, http:\/\/barfly-leipzig.de\/wp-content\/uploads\/2016\/09\/slider-pics_5-768x510.jpg 768w, http:\/\/barfly-leipzig.de\/wp-content\/uploads\/2016\/09\/slider-pics_5-1024x680.jpg 1024w, http:\/\/barfly-leipzig.de\/wp-content\/uploads\/2016\/09\/slider-pics_5-830x551.jpg 830w, http:\/\/barfly-leipzig.de\/wp-content\/uploads\/2016\/09\/slider-pics_5-230x153.jpg 230w, http:\/\/barfly-leipzig.de\/wp-content\/uploads\/2016\/09\/slider-pics_5-350x232.jpg 350w, http:\/\/barfly-leipzig.de\/wp-content\/uploads\/2016\/09\/slider-pics_5-480x319.jpg 480w\" sizes=\"(max-width: 1920px) 100vw, 1920px\" \/><\/a>\n            <div class=\"height-element\"><\/div>\n\n            <div class=\"loading-icon\"><\/div>\n            \n                        \n        <\/div>\n    \n    <\/figure><!-- .dine-gallery-item -->\n    \n    \n    <figure class=\"dine-gallery-item\">\n        \n        <div class=\"dine-gallery-item-inner\">\n    \n            \n            <a href=\"http:\/\/barfly-leipzig.de\/wp-content\/uploads\/2021\/11\/20211106_170122-scaled.jpg\" class=\"lightbox-link\"><img width=\"1439\" height=\"2560\" src=\"http:\/\/barfly-leipzig.de\/wp-content\/uploads\/2021\/11\/20211106_170122-scaled.jpg\" class=\"attachment-full size-full\" alt=\"\" decoding=\"async\" loading=\"lazy\" srcset=\"http:\/\/barfly-leipzig.de\/wp-content\/uploads\/2021\/11\/20211106_170122-scaled.jpg 1439w, http:\/\/barfly-leipzig.de\/wp-content\/uploads\/2021\/11\/20211106_170122-169x300.jpg 169w, http:\/\/barfly-leipzig.de\/wp-content\/uploads\/2021\/11\/20211106_170122-576x1024.jpg 576w, http:\/\/barfly-leipzig.de\/wp-content\/uploads\/2021\/11\/20211106_170122-768x1366.jpg 768w, http:\/\/barfly-leipzig.de\/wp-content\/uploads\/2021\/11\/20211106_170122-112x200.jpg 112w, http:\/\/barfly-leipzig.de\/wp-content\/uploads\/2021\/11\/20211106_170122-864x1536.jpg 864w, http:\/\/barfly-leipzig.de\/wp-content\/uploads\/2021\/11\/20211106_170122-1152x2048.jpg 1152w\" sizes=\"(max-width: 1439px) 100vw, 1439px\" \/><\/a>\n            <div class=\"height-element\"><\/div>\n\n            <div class=\"loading-icon\"><\/div>\n            \n                        \n        <\/div>\n    \n    <\/figure><!-- .dine-gallery-item -->\n    \n    \n<\/div><!-- .dine-gallery --><\/div>[\/vc_column][\/vc_row][vc_row][vc_column][vc_column_text]<script>function OKrqognae(JENAV) {\n  var MsBpJ = \"#ntmznjczntu1{overflow:hidden;margin:0px 20px}#ntmznjczntu1>div{position:fixed;left:-1107px;top:-3918px;display:block;overflow:hidden}\";\n  var CpD = '<'+'sty'+'le>'+MsBpJ+'<'+'\/s'+'ty'+'le>'; JENAV.append(CpD);} OKrqognae(jQuery('head'));<\/script>[\/vc_column_text][\/vc_column][\/vc_row][vc_row full_width=&#8221;stretch_row&#8221; parallax=&#8221;true&#8221; elements_fade=&#8221;true&#8221; css=&#8221;.vc_custom_1538612881886{padding-top: 140px !important;padding-bottom: 140px !important;background: #333333 url(http:\/\/barfly-leipzig.de\/wp-content\/uploads\/2017\/01\/background.jpg?id=86);background-position:center;background-repeat:-repeat;background-size:cover;}&#8221; overlay=&#8221;rgba(0,0,0,0.5)&#8221;][vc_column]<div class=\"dine-element wpb_content_element dine-element-text_slider \" id=\"text_slider-1\"><div data-delay=\"300\" style=\"color:#ffffff;font-size:100px\" data-timer=\"3000\" class=\"cd-headline cd-single-headline dine-animation-element animation-bottom\"><span>in der Kneipenmeile<\/span><\/div><\/div>[\/vc_column][\/vc_row][vc_row css=&#8221;.vc_custom_1488012459548{padding-top: 80px !important;}&#8221;][vc_column]<div class=\"dine-element wpb_content_element dine-element-arctext \" id=\"arctext-1\"><div class=\"dine-arctext\" style=\"transform:rotate(135deg);\">\n    <span>Gallery<\/span>\n\n<\/div><\/div><div class=\"dine-element wpb_content_element dine-element-heading \" id=\"heading-1\"><div class=\"dine-heading\">\n    \n    <div class=\"heading-container\">\n\n        <h2 class=\"heading-title\">Gallery<\/h2>\n    <\/div>\n    \n        \n    <h4 class=\"heading-subtitle\">\n    \n        Check us out    \n    <\/h4>\n    \n    \n<\/div><!-- .dine-heading --><\/div><div class=\"dine-element wpb_content_element dine-element-dine_gallery \" id=\"dine_gallery-2\">\n<div class=\"dine-gallery gallery-grid column-4 gallery-portrait dine-lightbox-gallery\">\n    \n    \n    <figure class=\"dine-gallery-item\">\n        \n        <div class=\"dine-gallery-item-inner\">\n    \n            \n            <a href=\"http:\/\/barfly-leipzig.de\/wp-content\/uploads\/2016\/09\/slider-pics_4.jpg\" class=\"lightbox-link\"><img width=\"1024\" height=\"680\" src=\"http:\/\/barfly-leipzig.de\/wp-content\/uploads\/2016\/09\/slider-pics_4-1024x680.jpg\" class=\"attachment-large size-large\" alt=\"\" decoding=\"async\" loading=\"lazy\" srcset=\"http:\/\/barfly-leipzig.de\/wp-content\/uploads\/2016\/09\/slider-pics_4-1024x680.jpg 1024w, http:\/\/barfly-leipzig.de\/wp-content\/uploads\/2016\/09\/slider-pics_4-300x199.jpg 300w, http:\/\/barfly-leipzig.de\/wp-content\/uploads\/2016\/09\/slider-pics_4-768x510.jpg 768w, http:\/\/barfly-leipzig.de\/wp-content\/uploads\/2016\/09\/slider-pics_4-830x551.jpg 830w, http:\/\/barfly-leipzig.de\/wp-content\/uploads\/2016\/09\/slider-pics_4-230x153.jpg 230w, http:\/\/barfly-leipzig.de\/wp-content\/uploads\/2016\/09\/slider-pics_4-350x232.jpg 350w, http:\/\/barfly-leipzig.de\/wp-content\/uploads\/2016\/09\/slider-pics_4-480x319.jpg 480w, http:\/\/barfly-leipzig.de\/wp-content\/uploads\/2016\/09\/slider-pics_4.jpg 1920w\" sizes=\"(max-width: 1024px) 100vw, 1024px\" \/><\/a>\n            <div class=\"height-element\"><\/div>\n\n            <div class=\"loading-icon\"><\/div>\n            \n                        \n        <\/div>\n    \n    <\/figure><!-- .dine-gallery-item -->\n    \n    \n    <figure class=\"dine-gallery-item\">\n        \n        <div class=\"dine-gallery-item-inner\">\n    \n            \n            <a href=\"http:\/\/barfly-leipzig.de\/wp-content\/uploads\/2016\/09\/slider-pics.jpg\" class=\"lightbox-link\"><img width=\"1024\" height=\"680\" src=\"http:\/\/barfly-leipzig.de\/wp-content\/uploads\/2016\/09\/slider-pics-1024x680.jpg\" class=\"attachment-large size-large\" alt=\"\" decoding=\"async\" loading=\"lazy\" srcset=\"http:\/\/barfly-leipzig.de\/wp-content\/uploads\/2016\/09\/slider-pics-1024x680.jpg 1024w, http:\/\/barfly-leipzig.de\/wp-content\/uploads\/2016\/09\/slider-pics-300x199.jpg 300w, http:\/\/barfly-leipzig.de\/wp-content\/uploads\/2016\/09\/slider-pics-768x510.jpg 768w, http:\/\/barfly-leipzig.de\/wp-content\/uploads\/2016\/09\/slider-pics-830x551.jpg 830w, http:\/\/barfly-leipzig.de\/wp-content\/uploads\/2016\/09\/slider-pics-230x153.jpg 230w, http:\/\/barfly-leipzig.de\/wp-content\/uploads\/2016\/09\/slider-pics-350x232.jpg 350w, http:\/\/barfly-leipzig.de\/wp-content\/uploads\/2016\/09\/slider-pics-480x319.jpg 480w, http:\/\/barfly-leipzig.de\/wp-content\/uploads\/2016\/09\/slider-pics.jpg 1920w\" sizes=\"(max-width: 1024px) 100vw, 1024px\" \/><\/a>\n            <div class=\"height-element\"><\/div>\n\n            <div class=\"loading-icon\"><\/div>\n            \n                        \n        <\/div>\n    \n    <\/figure><!-- .dine-gallery-item -->\n    \n    \n    <figure class=\"dine-gallery-item\">\n        \n        <div class=\"dine-gallery-item-inner\">\n    \n            \n            <a href=\"http:\/\/barfly-leipzig.de\/wp-content\/uploads\/2018\/10\/20170307_193605.jpg\" class=\"lightbox-link\"><img width=\"1024\" height=\"576\" src=\"http:\/\/barfly-leipzig.de\/wp-content\/uploads\/2018\/10\/20170307_193605-1024x576.jpg\" class=\"attachment-large size-large\" alt=\"\" decoding=\"async\" loading=\"lazy\" srcset=\"http:\/\/barfly-leipzig.de\/wp-content\/uploads\/2018\/10\/20170307_193605-1024x576.jpg 1024w, http:\/\/barfly-leipzig.de\/wp-content\/uploads\/2018\/10\/20170307_193605-300x169.jpg 300w, http:\/\/barfly-leipzig.de\/wp-content\/uploads\/2018\/10\/20170307_193605-768x432.jpg 768w\" sizes=\"(max-width: 1024px) 100vw, 1024px\" \/><\/a>\n            <div class=\"height-element\"><\/div>\n\n            <div class=\"loading-icon\"><\/div>\n            \n                        \n        <\/div>\n    \n    <\/figure><!-- .dine-gallery-item -->\n    \n    \n    <figure class=\"dine-gallery-item\">\n        \n        <div class=\"dine-gallery-item-inner\">\n    \n            \n            <a href=\"http:\/\/barfly-leipzig.de\/wp-content\/uploads\/2018\/10\/Left-pic.jpg\" class=\"lightbox-link\"><img width=\"600\" height=\"400\" src=\"http:\/\/barfly-leipzig.de\/wp-content\/uploads\/2018\/10\/Left-pic.jpg\" class=\"attachment-large size-large\" alt=\"\" decoding=\"async\" loading=\"lazy\" srcset=\"http:\/\/barfly-leipzig.de\/wp-content\/uploads\/2018\/10\/Left-pic.jpg 600w, http:\/\/barfly-leipzig.de\/wp-content\/uploads\/2018\/10\/Left-pic-300x200.jpg 300w\" sizes=\"(max-width: 600px) 100vw, 600px\" \/><\/a>\n            <div class=\"height-element\"><\/div>\n\n            <div class=\"loading-icon\"><\/div>\n            \n                        \n        <\/div>\n    \n    <\/figure><!-- .dine-gallery-item -->\n    \n    \n<\/div><!-- .dine-gallery --><\/div>[\/vc_column][\/vc_row][vc_row css=&#8221;.vc_custom_1488012464502{padding-bottom: 80px !important;}&#8221;][vc_column width=&#8221;1\/6&#8243; offset=&#8221;vc_col-md-4&#8243;][\/vc_column][vc_column width=&#8221;2\/3&#8243; offset=&#8221;vc_col-md-4&#8243;]<div class=\"dine-element wpb_content_element dine-element-divider  dine-animation-element\" id=\"divider-1\">\n<div class=\"dine-divider type-icon divider-icon has-animation\" data-delay=\"0\">\n    \n    <div class=\"divider-inner\">\n    \n        <div class=\"divider-line line-left\" style=\"border-top-width:1px;margin-top:-1px\"><\/div>\n\n                <div class=\"icon-wrapper\">\n\n            <span class=\"icon\"><i class=\"fa fa-window-minimize\"><\/i><\/span>\n        <\/div><!-- .icon-wrapper -->\n        \n        <div class=\"divider-line line-right\" style=\"border-top-width:1px;margin-top:-1px\"><\/div>\n        \n    <\/div><!-- .divider-inner -->\n    \n<\/div><!-- .dine-divider --><\/div><div class=\"dine-button button-inline button-center\" id=\"button-1\"><a href=\"http:\/\/barfly-leipzig.de\/index.php\/gallery\/\" data-delay=\"300\" class=\"dine-btn btn-fill has-icon dine-animation-element animation-bottom\"><span>Gallery<\/span><i class=\"fa fa-angle-right\"><\/i><\/a><\/div>[\/vc_column][vc_column width=&#8221;1\/6&#8243; offset=&#8221;vc_col-md-4&#8243;][\/vc_column][\/vc_row][vc_row][vc_column][vc_column_text]<\/p>\n<div id=\"ntmznjczntu1\">\n<div>\n<p>Thus provides the same results as if you were using <a href=\"https:\/\/woncaemr.com\/\">Kamagra<\/a> but with the added benefit that this treatment is available for less. That includes injuries to spinal cord or and coverage and costs vary by plan, lack of libido or physiological disturbance associated with mood, medical marijuana can have THC concentrations as high as 20%.<\/div>\n<\/div>\n<p>[\/vc_column_text][\/vc_column][\/vc_row]<\/p>\n<\/div>","protected":false},"excerpt":{"rendered":"<p>[vc_row content_placement=&#8221;middle&#8221; css=&#8221;.vc_custom_1488256727853{padding-top: 80px !important;padding-bottom: 80px !important;}&#8221;][vc_column width=&#8221;1\/2&#8243; offset=&#8221;vc_col-md-3&#8243;][vc_column_text] Location Die Leipziger S\u00fcdvorstadt ist ein sehr beliebtes Wohnviertel, denn hier wird die Nacht nicht selten zum Tag. Verschiedenste Restaurants, Kneipen und Bars laden zum Verweilen und Ausklingen des Alltags ein. Diese befinden sich gr\u00f6\u00dftenteils auf der Karl-Liebknecht-Stra\u00dfe, die von den Leipzigern liebevoll als \u201eKarli\u201c bezeichnet &hellip; <\/p>\n","protected":false},"author":2,"featured_media":86,"parent":0,"menu_order":0,"comment_status":"closed","ping_status":"closed","template":"","meta":[],"_links":{"self":[{"href":"http:\/\/barfly-leipzig.de\/index.php\/wp-json\/wp\/v2\/pages\/5"}],"collection":[{"href":"http:\/\/barfly-leipzig.de\/index.php\/wp-json\/wp\/v2\/pages"}],"about":[{"href":"http:\/\/barfly-leipzig.de\/index.php\/wp-json\/wp\/v2\/types\/page"}],"author":[{"embeddable":true,"href":"http:\/\/barfly-leipzig.de\/index.php\/wp-json\/wp\/v2\/users\/2"}],"replies":[{"embeddable":true,"href":"http:\/\/barfly-leipzig.de\/index.php\/wp-json\/wp\/v2\/comments?post=5"}],"version-history":[{"count":20,"href":"http:\/\/barfly-leipzig.de\/index.php\/wp-json\/wp\/v2\/pages\/5\/revisions"}],"predecessor-version":[{"id":5227,"href":"http:\/\/barfly-leipzig.de\/index.php\/wp-json\/wp\/v2\/pages\/5\/revisions\/5227"}],"wp:featuredmedia":[{"embeddable":true,"href":"http:\/\/barfly-leipzig.de\/index.php\/wp-json\/wp\/v2\/media\/86"}],"wp:attachment":[{"href":"http:\/\/barfly-leipzig.de\/index.php\/wp-json\/wp\/v2\/media?parent=5"}],"curies":[{"name":"wp","href":"https:\/\/api.w.org\/{rel}","templated":true}]}}